{"id":1576,"date":"2026-01-30T17:47:15","date_gmt":"2026-01-30T15:47:15","guid":{"rendered":"https:\/\/rueti.schule\/wintersportlager\/?page_id=1576"},"modified":"2026-02-13T00:15:20","modified_gmt":"2026-02-12T22:15:20","slug":"berichte-2026","status":"publish","type":"page","link":"https:\/\/rueti.schule\/wintersportlager\/berichte-2026\/","title":{"rendered":"Berichte 2026"},"content":{"rendered":"\n<p><strong>Donnerstag, 12.2,26<\/strong><br>Heute haben sie uns mit einem \u201eGute-Laune\u201c-Lied geweckt.<br>Anschliessend fr\u00fchst\u00fcckten wir. Es gab Brot mit Nutella und Marmelade, Schokomilch, Wurst, K\u00e4se und Orangensaft.<br>Nach dem Fr\u00fchst\u00fcck ging es auf die Piste. Nach einer kurzen Fahrt zum Einw\u00e4rmen, stand das Skirennen auf dem Programm. Das Wettrennen war sehr cool. Man musste zwei Mal runterfahren und dabei m\u00f6glichst zur gleichen Zeit ins Ziel kommen. Jemand hatte leider noch Nasenbluten, weil jemand ihn mit einem Eisblock ins Gesicht getroffen hatte.<br>Um 12:30 Uhr waren wir wieder im Haus und es gab Mittagessen. Es gab Curry mit Reis, einen Fruchtsalat und Cocosbananen.<br>Dann ging es wieder auf die Piste. Leider hatte es sehr fest zu schneien begonen.Es hat so fest geschneit, dass man die Piste nicht mehr richtig sehen konnte. So gingen wir nach der Fahrt eine heisse Schokolade trinken.<br>Zwischen 15:30 und 16:00 Uhr waren wir fix und fertig zur\u00fcck im Haus. Ein paar gingen noch duschen und andere machten Spiele und andere Dinge.<br>Zum Abendessen gibt es Burger, Salat und Gem\u00fcse. Nach dem Abendessen gibt es einen Disco-Abend und die Rangverk\u00fcndigung des Rennens.<br>Zum Schluss wird es Zeit, um ins Bett zu gehen.<br>M. und L.<\/p>\n\n\n\n<p><strong>Mittwoch, 11.2.2026<\/strong><br>Das gute Skifahren im schlechten Wetter. Das Morgenessen war wie immer gut, danach gingen wir auch schon auf die Piste. Kaum waren wir auf der Piste, gab es auch schon ein paar Unf\u00e4lle, von anderen Leuten, weil das Wetter schon ein bisschen st\u00fcrmisch und die Sicht schlecht war.<br>Sp\u00e4ter beim Mittagessen gab es Toast Hawaii, der sehr lecker war. Danach gingen wir noch f\u00fcr eineinhalb Stunden auf die Piste und durften dann noch ins Dorf, um z.Bsp. einkaufen zu gehen.<br>Beim Abendprogramm durften wir einen Film schauen.<br>Das wars dann auch schon, liebe Gr\u00fcsse.<br>E., D. &amp; J.<\/p>\n\n\n\n<p><strong>Dienstag, 10.2.2026<\/strong><br>Gestern Abend ging es f\u00fcr das Abendprogramm nochmals raus in den Schnee. In Gruppen bauten wir Bahnen f\u00fcr unsere Bob-Petflasche. Welche Gruppe den Wettbewerb der l\u00e4ngsten, originellsten Bahn gewonnen hat, erfahren wir heute Abend.<br>Heute Morgen kamen ein paar Jungs vor unser Zimmer und schrien \u201eAufwachen\u201c. Danach kam sehr laute, f\u00fcr einige nervige Musik und wir mussten aufstehen. Zum Morgenessen gab es K\u00e4se, R\u00fchrei und nat\u00fcrlich Brot, Jogurt, Milch und M\u00fcsli. Um 8.30 Uhr ging es dann mit neuen Leitern auf die Piste. Wir mussten uns oben auf dem Tschuggen wie immer aufw\u00e4rmen. Als wir anschliessend zum Toblerone Sessellift kamen, waren wir so fr\u00fch dran, dass er noch geschlossen war. So mussten wir glatte 5 Minuten warten. Oben waren die Pisten dann noch sehr gut und die Aussicht sch\u00f6n. Zum Zmittag gab es \u00c4lpler Makronen. Einige von uns mussten unsere Teller vor dem Salat sch\u00fctzen. Aber wir mussten trotzdem rohes Gem\u00fcse nehmen, weil das das Leiterteam w\u00fcnscht. Im Anschluss ging es wieder auf die Piste. Wegen einem Leiter mussten wir in die Schneckenschleichgruppe. Der Grund f\u00fcr die Zuteilung in die Schneckenschleichgruppe war, weil wir nicht zu den uncoolen Jungs wollten. Die Piste war am Nachmittag leider nicht mehr so gut. Wir durften zwischendurch in ein Caf\u00e9. Dort tranken wir eine heisse Schokolade. Nach dieser Pause ging es wieder zur\u00fcck. Zum Znacht erwartet uns nun Chili Con Carne, Tortilla, Salat und Schokoladen Creme.<br>S.&amp;L.<\/p>\n\n\n\n<p><strong>Montag, 9.2.2026<\/strong><br>Sie weckten uns heute Morgen mit lauter Musik. Zum Fr\u00fchst\u00fcck gab es ein gro\u00dfes Buffet mit Brot, M\u00fcsli, K\u00e4se, Fleisch und Aufstrich. Um 8.30 trafen wir uns Drau\u00dfen und fuhren wenig sp\u00e4ter los. Die Pisten waren angenehm und glatt, die Sonne schien. Um zw\u00f6lf Uhr waren alle wieder im Lagerhaus und es gab Essen. Zum Zmittag a\u00dfen wir Spagetti mit Tomaten Sauce oder Pesto, dazu gab es noch Reibk\u00e4se. Es war sehr lecker! Danach hatte man etwa eine Stunde Freizeit. Um 13.30 ging es wieder auf die Piste. Die Pisten waren nicht mehr so sch\u00f6n, denn es gab Haufen und sie waren abgefahren. Trotzdem war es toll. Leider war es jedoch nebelig und kalt. Jetzt haben wir noch Freizeit bis zum Abendessen. Zum Abendessen gibt es Schinken-Gipfel, K\u00e4se-Chuechli und Fr\u00fchlingsrollen. Sp\u00e4ter werden wir mit Fackeln zu einer Wiese laufen, dort werden wir eine Bobbahn f\u00fcr PET-flaschen machen. Der Gewinner bekommt einen Preis.<br>S.Z,M.F&amp; N.B.<\/p>\n\n\n\n<p><strong>Sonntag, 8.2.26<\/strong><br>Um 09:10 Uhr war Besammlung am Bahnhof in R\u00fcti. Wir mussten uns von unseren Eltern verabschieden und stiegen dann in den Zug nach Pf\u00e4ffikon SZ. Von dort ging es mit der SOB nach Chur und sp\u00e4ter weiter mit der Rh\u00e4tischen Bahn nach Arosa vorbei an den Schluchten. Hirschk\u00fche konnten wir keine ersp\u00e4hen.<br>Als wir in Arosa am Bahnhof angekommen waren, mussten wir zur Mountain Lodge laufen. Dort angekommen besammelten wir uns im Esszimmer, nachdem wir uns gesetzt hatten, erkl\u00e4rte uns Frau Nussbaumer die Regeln und wir konnten uns f\u00fcr die Zimmer und den K\u00fcchendienst einschreiben. Als wir fertig waren, gingen alle Gruppen um ungef\u00e4hr 13.30 Uhr auf die Piste. Nach rund 2 \u00bd Stunden Kurven im Schnee kehrten alle Gruppen zur\u00fcck in die Lodge. Dort angekommen, bezogen wir die Zimmer und die Better. Dabei brauchten einige Hilfe von den Leitern\/innen. Die Zeit bis zum Abendessen verbrachten wir mit Ping Pong oder Gesellschaftsspielen. Jetzt warten wir gespannt auf das Abendessen. Es soll Sp\u00e4tzli mit Salat, Gem\u00fcse und K\u00e4se geben.<br>V. &amp; Y.<\/p>\n\n\n\n<p><\/p>\n\n\n\n<p><\/p>\n\n\n\n<p><\/p>\n","protected":false},"excerpt":{"rendered":"<p>Donnerstag, 12.2,26Heute haben sie uns mit einem \u201eGute-Laune\u201c-Lied geweckt.Anschliessend fr\u00fchst\u00fcckten wir. Es gab Brot mit Nutella und Marmelade, Schokomilch, Wurst, K\u00e4se und Orangensaft.Nach dem Fr\u00fchst\u00fcck ging es auf die Piste. Nach einer kurzen Fahrt zum Einw\u00e4rmen, stand das Skirennen auf dem Programm. Das Wettrennen war sehr cool. Man musste zwei Mal runterfahren und dabei m\u00f6glichst [&hellip;]<\/p>\n","protected":false},"author":2,"featured_media":0,"parent":0,"menu_order":0,"comment_status":"closed","ping_status":"closed","template":"","meta":{"site-sidebar-layout":"default","site-content-layout":"","ast-site-content-layout":"default","site-content-style":"default","site-sidebar-style":"default","ast-global-header-display":"","ast-banner-title-visibility":"","ast-main-header-display":"","ast-hfb-above-header-display":"","ast-hfb-below-header-display":"","ast-hfb-mobile-header-display":"","site-post-title":"","ast-breadcrumbs-content":"","ast-featured-img":"","footer-sml-layout":"","ast-disable-related-posts":"","theme-transparent-header-meta":"","adv-header-id-meta":"","stick-header-meta":"","header-above-stick-meta":"","header-main-stick-meta":"","header-below-stick-meta":"","astra-migrate-meta-layouts":"set","ast-page-background-enabled":"default","ast-page-background-meta":{"desktop":{"background-color":"","background-image":"","background-repeat":"repeat","background-position":"center center","background-size":"auto","background-attachment":"scroll","background-type":"","background-media":"","overlay-type":"","overlay-color":"","overlay-opacity":"","overlay-gradient":""},"tablet":{"background-color":"","background-image":"","background-repeat":"repeat","background-position":"center center","background-size":"auto","background-attachment":"scroll","background-type":"","background-media":"","overlay-type":"","overlay-color":"","overlay-opacity":"","overlay-gradient":""},"mobile":{"background-color":"","background-image":"","background-repeat":"repeat","background-position":"center center","background-size":"auto","background-attachment":"scroll","background-type":"","background-media":"","overlay-type":"","overlay-color":"","overlay-opacity":"","overlay-gradient":""}},"ast-content-background-meta":{"desktop":{"background-color":"var(--ast-global-color-5)","background-image":"","background-repeat":"repeat","background-position":"center center","background-size":"auto","background-attachment":"scroll","background-type":"","background-media":"","overlay-type":"","overlay-color":"","overlay-opacity":"","overlay-gradient":""},"tablet":{"background-color":"var(--ast-global-color-5)","background-image":"","background-repeat":"repeat","background-position":"center center","background-size":"auto","background-attachment":"scroll","background-type":"","background-media":"","overlay-type":"","overlay-color":"","overlay-opacity":"","overlay-gradient":""},"mobile":{"background-color":"var(--ast-global-color-5)","background-image":"","background-repeat":"repeat","background-position":"center center","background-size":"auto","background-attachment":"scroll","background-type":"","background-media":"","overlay-type":"","overlay-color":"","overlay-opacity":"","overlay-gradient":""}},"footnotes":""},"class_list":["post-1576","page","type-page","status-publish","hentry"],"_links":{"self":[{"href":"https:\/\/rueti.schule\/wintersportlager\/wp-json\/wp\/v2\/pages\/1576","targetHints":{"allow":["GET"]}}],"collection":[{"href":"https:\/\/rueti.schule\/wintersportlager\/wp-json\/wp\/v2\/pages"}],"about":[{"href":"https:\/\/rueti.schule\/wintersportlager\/wp-json\/wp\/v2\/types\/page"}],"author":[{"embeddable":true,"href":"https:\/\/rueti.schule\/wintersportlager\/wp-json\/wp\/v2\/users\/2"}],"replies":[{"embeddable":true,"href":"https:\/\/rueti.schule\/wintersportlager\/wp-json\/wp\/v2\/comments?post=1576"}],"version-history":[{"count":9,"href":"https:\/\/rueti.schule\/wintersportlager\/wp-json\/wp\/v2\/pages\/1576\/revisions"}],"predecessor-version":[{"id":1792,"href":"https:\/\/rueti.schule\/wintersportlager\/wp-json\/wp\/v2\/pages\/1576\/revisions\/1792"}],"wp:attachment":[{"href":"https:\/\/rueti.schule\/wintersportlager\/wp-json\/wp\/v2\/media?parent=1576"}],"curies":[{"name":"wp","href":"https:\/\/api.w.org\/{rel}","templated":true}]}}